 + 1. Let j be h(1). Suppose b + 30 = j*b. Suppose 4*w - b*w = -4. What is the units digit of w?
2
Suppose -7*k + 3*k - g + 21 = 0, 3*k = 4*g - 8. Suppose 0*d = -3*d + 5*b + 31, 0 = 5*d + 5*b + 15. What is the units digit of -8*(2/k - d)?
2
Suppose -4 = -z - 14. Suppose 3*w + 5*b - 36 = 0, -5*w + 2*b = -0*b - 60. Let n = z + w. What is the units digit of n?
2
Let m = 2 + -2. Suppose m*w + 7 = w. What is the units digit of w?
7
Let a = 31 + -10. What is the tens digit of a?
2
Let k(u) = -25*u - 34. What is the units digit of k(-6)?
6
Let y = 9 + -6. Let g(l) = -l**3 + 5*l**2 - 2*l - 4. What is the units digit of g(y)?
8
Let y(d) = -d**2 + d + 1. Let i(a) = -4*a**2 + 5*a + 4. Let t(k) = 2*i(k) - 9*y(k). What is the units digit of t(-2)?
1
Let v = -9 - -9. Suppose v = 4*d - 0*d - 4. What is the units digit of d?
1
Suppose -3*v + 49 = -5*m - 37, -2*v = -2*m - 56. What is the tens digit of v?
2
Suppose -3*s - s = 292. Let i be s/(-2) + (-1)/2. Let z = i + -25. What is the units digit of z?
1
Suppose -88 = -4*h + 3*p, 3*h - 59 = -2*p + 6*p. What is the tens digit of h?
2
What is the units digit of (52/(-65))/(2/(-400))?
0
Let y(m) = 2*m - 1. Let f be y(4). Let j = -4 + f. Suppose -j*r + 3*w - 4*w = -10, -4*r + 4*w = -24. What is the units digit of r?
4
Let v(m) = -15*m + 24 + 5*m + 9*m. What is the tens digit of v(0)?
2
Let s = 261 - 110. What is the hundreds digit of s?
1
Let m(k) = -k**3 - 14*k**2 - 11*k + 7. What is the hundreds digit of m(-14)?
1
Let y = -161 - -379. What is the tens digit of y?
1
Suppose -a - 2*a + 9 = 0. Suppose -f + 0*s + 22 = 2*s, 5*f = a*s + 84. What is the tens digit of f?
1
Let o = -89 + 116. What is the units digit of o?
7
Let w(y) = -y**3 + 6*y**2 + 5*y + 13. What is the tens digit of w(6)?
4
Let r(h) = -h**3 + 6*h**2 + 10*h + 2. Let a be r(7). Let l = 40 - a. Suppose 4*s - 7 - l = -5*v, 4*v + 6 = s. What is the units digit of s?
6
Let c(t) = -6*t**2 + 5*t**2 + 0*t**2 + 14 - 9*t. Let w(n) = -4*n + 2. Let z be w(3). What is the units digit of c(z)?
4
Suppose -p + 3*p - 66 = 0. What is the units digit of p?
3
Let g be 47/9 - (-4)/(-18). Suppose -a = -g*a + 40. What is the units digit of a?
0
Let m = -4 + 7. Suppose m = 4*j - 1. What is the units digit of j?
1
Let v(t) = t**3 - t + 10. Suppose 4*f = -f. What is the units digit of v(f)?
0
Suppose 94 = 5*b - 266. What is the units digit of b?
2
Let f(y) = -74*y + 2. Let j be f(-2). Suppose 5*p = 2*p + j. What is the units digit of p?
0
Let v(m) = m**3 + 17*m**2 - 18*m + 44. What is the tens digit of v(-18)?
4
Suppose -1437 = 11*d - 4286. What is the tens digit of d?
5
Let n(x) = -7*x - 8. Let z be n(-9). Suppose -t + z = 4*t. What is the units digit of t?
1
Suppose -2*x + 12 = 6*z - 2*z, 3*x = 2*z + 10. What is the units digit of z?
1
Let h(w) = 18*w + 1. Suppose -3*u = 2*z - 3*z - 5, -u + 2 = 0. What is the units digit of h(z)?
9
Suppose -31 = 3*s - 4*s. What is the tens digit of s?
3
Let u(l) = l**2 - l + 244. What is the tens digit of u(0)?
4
Suppose 12 = 4*t - 4. What is the units digit of t?
4
Suppose 8*d = 11*d - 132. Suppose 2*h = 56 + d. What is the tens digit of h?
5
Suppose -4*j = -4*k - j - 5, -4*k + 4*j - 4 = 0. Let f be 4/(-3)*(-3)/k. What is the units digit of (f - 5/(-3))*-12?
4
Suppose 21 - 3 = -3*i. Let y = -10 - i. Let k = -1 - y. What is the units digit of k?
3
Let s(w) = w - 5. Let c be s(8). What is the units digit of 13 - (c + -5)/2?
4
Let f(u) be the second derivative of u**5/20 - u**4/12 - 3*u**2/2 - 3*u. Let b be f(0). What is the units digit of (2/b)/(2/(-24))?
8
Suppose -2*r + 5 = -3. Let v be 19/r - 2/(-8). Let o = 12 - v. What is the units digit of o?
7
Let m be (7/(21/18))/2. Suppose 2*v - 45 = -2*v - 3*t, -v + 18 = m*t. What is the units digit of v?
9
What is the units digit of 1 + -66*(-3)/6?
4
Suppose -3*m - 3*q + 0*q + 84 = 0, 3*m - 68 = q. What is the tens digit of m?
2
Suppose -5*w + 55 + 25 = 0. What is the units digit of w?
6
Suppose 0 = 3*k - 25 - 5. Suppose 3*g - k = -1. Suppose v - 7 = h - 0, -5*v + g*h + 29 = 0. What is the units digit of v?
4
Suppose 0*g = -3*g + 6. Suppose -2*h - 3*c - 19 + 51 = 0, g*c + 30 = h. What is the tens digit of h?
2
Let v = 18 + -28. Let t = v + 11. What is the units digit of t?
1
Let d = -15 + 20. Suppose -d*i + 3*r + 253 = r, 0 = r - 1. What is the tens digit of i?
5
Let o(s) = -s**2 + 7*s - 3. Let i(a) = 7*a**2 - 1. Let k be i(1). Let p be o(k). Let h(g) = g**2 - 2*g - 2. What is the units digit of h(p)?
1
Let t(h) = -h**3 + 7*h**2 + 2*h - 6. Let y be t(7). What is the units digit of ((-2)/3)/(y/(-36))?
3
Let v = 8 + 9. Suppose 11 = u - 4*r, -5*u - 4*r + 168 - v = 0. What is the units digit of u?
7
Suppose 3*w = -u + 72, u - 104 = -4*w - 3*u. What is the tens digit of w?
2
Suppose 0*m - 3*m = 0. Let f(j) = 0 + j - 2*j**2 + 3 - j**3 + m. What is the units digit of f(-3)?
9
Let z = -4 + 4. Suppose 1 = -m - z. What is the units digit of (5/4)/(m/(-4))?
5
Let n(d) = -d + 11. Let b be n(8). Suppose 5*s - b*r + 2*r = 27, 2*s - 9 = r. What is the units digit of s?
6
What is the tens digit of ((-54)/24)/(3/(-32))?
2
Suppose -5*t + 3*f - 16 = 64, 4*f = t + 16. Let i = t - -34. What is the units digit of i?
8
Suppose 2*o = 3*o - 69. Suppose 229 = 4*k + o. What is the tens digit of k?
4
Let t be ((-12)/14)/(3/(-21)). Let m = -1 - -7. What is the units digit of t/(-9) + 22/m?
3
Let m(d) = -2*d**2 + 0*d**3 + d**3 - 14*d + 10*d + 4. What is the units digit of m(3)?
1
Let w(c) = 0*c - 17*c - 1 + 0. Let u be w(-1). Let z = u + -7. What is the units digit of z?
9
Suppose 10 = -4*s + 2, r + 4*s + 5 = 0. Suppose 0*o - 30 = -3*w - 5*o, -51 = -r*w + 2*o. What is the tens digit of w?
1
Suppose -138 = 3*w - 6*w. What is the tens digit of w?
4
Let t(r) = 2*r**2 + 2*r - 1. Let g be t(-2). Suppose 10 + 2 = -g*u, -4*d + u - 44 = 0. What is the tens digit of 1 - d - 2*1?
1
Suppose -2*f + 74 = 2*u, -2*f + 179 = 6*u - u. What is the tens digit of u?
3
Let w be 0 + (-1)/(3/(-9)). Let h be 0*w*2/6. Suppose h = 2*p - 32 + 8. What is the tens digit of p?
1
Let k be (1/(-1))/1 + 0. Let s be k*2/(-2) - 0. Let p(r) = 4*r. What is the units digit of p(s)?
4
Suppose -2*r = 3*t + r, 3*t - 2*r + 15 = 0. Let k(j) = -j + 1. What is the units digit of k(t)?
4
Suppose 4*w - 429 = -2*i - 3*i, -5*i + 5*w = -420. What is the units digit of i?
5
What is the hundreds digit of 1/(-1) - (-137 + 8)?
1
Let f(y) = -y**3 + 9*y**2 + 16*y + 2. Let t(q) = -4*q**3 + 26*q**2 + 49*q + 5. Let b(g) = -7*f(g) + 2*t(g). What is the units digit of b(-10)?
6
Let k(x) = 11*x**3 + 4*x**2 + 4. Let i(t) = -4*t**3 - t**2 - 1. Let a(b) = 8*i(b) + 3*k(b). What is the units digit of a(-3)?
3
Let a = 17 + -3. What is the units digit of a?
4
What is the units digit of (4 + -6)*(-90)/4?
5
What is the tens digit of (26/(-8))/(1/(-16))?
5
Let h be -1 - (-3 + 0 + 0). Suppose h*v - 4*v = -38. What is the tens digit of v?
1
Suppose -5*s = 5 + 5. What is the units digit of (6/9)/(s/(-15))?
5
Suppose 4*n - 121 = -1. Suppose 2*x = -x - n. Let q = -6 - x. What is the units digit of q?
4
Suppose 7 + 3 = 5*y. Suppose y*q = -3*q + 30. What is the units digit of q?
6
Let n = -336 + 610. What is the hundreds digit of n?
2
Suppose -5*m - 4 = 5*b - 59, -b = -4*m - 26. Let o be 12/7 - (-4)/b. What is the units digit of o + (-1)/(-1 - 0)?
3
Let k(b) be the second derivative of 0 - 2*b - 1/6*b**3 + 13/2*b**2. What is the units digit of k(6)?
7
Let o(l) = l**3 - 5*l**2 - 7*l + 9. Let a(q) = q**3 - 7*q**2 + 2*q - 8. Let v be a(7). Let t be o(v). Suppose -20 = -t*m - 2*m. What is the units digit of m?
4
Let n = -2 - -1. Suppose -1 + 5 = -y. What is the units digit of y/((n + 2)*-1)?
4
Let b(v) = 6*v**2 - 5*v + 7. Let y(j) = 3*j**2 - 3*j + 4. Let z(p) = 3*b(p) - 5*y(p). What is the units digit of z(-2)?
3
Let w be (-22)/(((-4)/(-2))/(-2)). Suppose -7 = -2*b + 4*l + l, 3*b - w = -4*l. What is the units digit of b?
6
Suppose 0 = 9*a - 11*a + 94. What is the units digit of a?
7
Suppose c - 318 = t + 4*t, 594 = 2*c + 4*t. What is the tens digit of c?
0
Let r = 118 - 57. What is the tens digit of r?
6
Suppose -8*j - 15 = -3*j + 5*l, 0 = -3*j - l - 1. What is the units digit of j?
1
Let d be ((-9)/27)/((-2)/18). Let o(f) = -f**2 - 10*f - 2 + 2*f - d*f**2 + 6*f**2. What is the tens digit of o(6)?
2
Let h